).
38
Let o(k) = -7*k**2 - 3*k - 2. Calculate o(-1).
-6
Let z(w) = w**3 - 5*w**2 - w + 1. Calculate z(4).
-19
Let o(z) = z**3 - 3*z**2 - 4*z + 2. Calculate o(3).
-10
Let l(c) = -21*c**3 + 3*c**2 + c - 1. Give l(2).
-155
Let j(p) = p**3 - 8*p**2 + 9*p - 4. Determine j(7).
10
Let g(b) = 67*b - 469. Calculate g(7).
0
Let x(g) = 74*g + 961. What is x(-13)?
-1
Let x(k) = 3*k + 82. Determine x(-22).
16
Let n(b) = 2*b**3 - 36*b**2 - 33*b - 80. Determine n(19).
15
Let i(z) = z**2 + 52*z + 56. Give i(-51).
5
Let p(z) = -2*z - 23. What is p(-8)?
-7
Let d(w) = w**2 + w - 21. Calculate d(0).
-21
Let f(b) = 2*b - 39. Determine f(0).
-39
Let a(j) = j**3 + 11*j**2 - 6*j + 65. Give a(-12).
-7
Let r(d) = -d**2 - 7*d + 3. Calculate r(-6).
9
Let b(z) = -15*z + 38. Determine b(3).
-7
Let c(q) = -q**2 - 33*q + 71. Determine c(-35).
1
Let s(g) = -2*g + 39. Give s(22).
-5
Let t(l) = -3*l**3 + 7*l**2 - 12*l + 8. Give t(2).
-12
Let o(d) = d**3 - 10*d**2 + 7*d - 8. Calculate o(9).
-26
Let g(p) = -2*p**2 + 3*p + 2. What is g(4)?
-18
Let m(u) = 2*u**2 - 17*u - 9. Determine m(9).
0
Let c(b) = -24*b + 313. Determine c(13).
1
Let w(b) = -7*b - 1. Calculate w(-5).
34
Let r(s) = -20*s**2 - 3*s - 3. Calculate r(-1).
-20
Let i(r) = 5*r - 53. What is i(12)?
7
Let s(n) = -n**3 + 10*n**2 - 17*n - 1. Determine s(8).
-9
Let h(f) = -34*f**3 - 2*f**2 + 2. What is h(1)?
-34
Let n(i) = 5*i**2 + 184*i - 35. Give n(-37).
2
Let s(b) = 4*b**3 + b**2. Calculate s(-2).
-28
Let w(i) = 6*i - 176. Give w(28).
-8
Let y(b) = -3*b**2 - 3. Calculate y(2).
-15
Let w(u) = 8*u - 58. Give w(5).
-18
Let s(m) = -2*m + 6. Calculate s(2).
2
Let t(x) = x**3 - 5*x**2 - 6*x + 3. Determine t(6).
3
Let t(f) = f**3 + 6*f**2 + 8*f + 2. What is t(-4)?
2
Let g(p) = -4*p - 16. Give g(-11).
28
Let v(j) = -3*j - 14. What is v(-18)?
40
Let w(a) = -a**2 - a + 6. What is w(-3)?
0
Let m(i) = -27*i. Calculate m(1).
-27
Let r(v) = -v**3 + 3*v**2 + 9*v - 10. Calculate r(6).
-64
Let c(l) = 29*l**2 + 2*l + 1. What is c(-1)?
28
Let i(j) = 7*j**2 - 2*j - 2. Give i(-2).
30
Let a(x) = -10*x - 26. Determine a(-4).
14
Let n(g) = -g**3 + 7*g**2 + 3*g - 4. Give n(8).
-44
Let n(b) = b**2 + 19*b + 14. Determine n(-15).
-46
Let r(m) = -9*m - 14. Give r(-6).
40
Let k(h) = h**3 + h**2 - 7*h + 7. Calculate k(1).
2
Let d(k) = 2*k**2 + 4*k - 204. Calculate d(9).
-6
Let l(p) = -p**2 + 7*p + 4. Give l(8).
-4
Let f(z) = -5*z + 22. Determine f(10).
-28
Let s(i) = 7*i**3 + 3*i**2 + i - 2. Give s(-2).
-48
Let w(y) = -y**3 + 12*y**2 + 32*y - 28. What is w(14)?
28
Let s(m) = m**3 - 14*m**2 - 2*m + 32. Determine s(14).
4
Let h(q) = -q**3 - 26*q**2 + q + 3. What is h(-26)?
-23
Let u(h) = h**2 - 55. What is u(7)?
-6
Let f(z) = -z**3 - 6*z**2 + 5*z. Determine f(-7).
14
Let k(y) = y**3 + 3*y**2 - 3*y + 7. What is k(-4)?
3
Let b(q) = 5*q + 28. Give b(-7).
-7
Let m(t) = t**2 + 16*t - 51. Determine m(3).
6
Let y(t) = 9*t + 507. Determine y(-57).
-6
Let m(t) = t**2 + t + 5. What is m(-6)?
35
Let b(o) = -o**2 - 10*o - 12. Calculate b(-13).
-51
Let f(s) = -s**3 - 5*s**2 - 12*s - 39. Give f(-4).
-7
Let o(t) = 5*t + 2. What is o(-2)?
-8
Let b(j) = -3*j - 194. What is b(-63)?
-5
Let d(q) = q**3 + 27*q**2 + 26*q + 1. What is d(-26)?
1
Let h(q) = -7*q**2 - 11*q - 12. Determine h(-2).
-18
Let u(y) = 2*y**3 - 14*y**2 + 10*y + 14. Calculate u(6).
2
Let q(r) = 2*r**2 + 3*r - 10. Give q(-5).
25
Let o(l) = l**2 - 5*l - 14. Give o(-7).
70
Let c(h) = h + 56. Determine c(0).
56
Let n(t) = 4*t - 25. Determine n(6).
-1
Let o(k) = k**2 - 6*k - 32. What is o(6)?
-32
Let n(g) = -5*g + 3. Determine n(3).
-12
Let h(i) = -4*i + 45. Give h(5).
25
Let j(i) = -i**2 - 63*i + 133. What is j(-65)?
3
Let l(d) = -d**2 + 5*d + 7. Calculate l(-5).
-43
Let i(v) = -15*v. Calculate i(-1).
15
Let c(f) = f**3 + 3*f**2 + 5*f + 4. What is c(-2)?
-2
Let h(r) = r**2 + r - 7. What is h(6)?
35
Let s(n) = -n**3 + 10*n**2 + 13*n - 22. Calculate s(11).
0
Let g(o) = o**3 - 4*o**2 - 2*o - 22. Determine g(5).
-7
Let z(p) = p**2 - 6*p - 19. Calculate z(11).
36
Let c(f) = -f**3 + f**2 - 2. Determine c(-4).
78
Let i(y) = 30*y**3 + y**2 - y + 2. Determine i(1).
32
Let x(g) = g**2 + 20*g + 39. Determine x(-18).
3
Let h(x) = -x**3 - 15*x**2 + 24*x + 122. Determine h(-16).
-6
Let v(n) = 5*n + 2. Give v(4).
22
Let k(d) = 2*d**3 + 28*d**2 + 26*d - 11. What is k(-13)?
-11
Let o(p) = p**3 + 3*p**2 - 8*p - 9. Give o(-4).
7
Let g(q) = q**3 - q**2 + 11. What is g(0)?
11
Let w(c) = 2*c + 2. Give w(-4).
-6
Let t(m) = -10*m**3 + m**2 - 2*m - 2. What is t(-1)?
11
Let g(r) = r**2 - 107*r + 509. Calculate g(5).
-1
Let y(u) = -11*u**2 + u + 2. Determine y(1).
-8
Let f(u) = 2*u**2 + 18*u - 46. What is f(-11)?
-2
Let m(n) = -n**3 + 8*n**2 - 11*n + 5. Calculate m(7).
-23
Let k(q) = -70*q**2 + 2*q - 1. Give k(1).
-69
Let m(s) = -5*s**3 - 3*s**2 + 3*s - 9. Calculate m(2).
-55
Let c(z) = z + 3. Determine c(-3).
0
Let m(n) = -21*n + 265. Determine m(12).
13
Let c(x) = x**3 - 10*x**2 + x - 13. Determine c(10).
-3
Let r(x) = -x**2 - 10*x + 22. What is r(-12)?
-2
Let g(q) = q**3 + 7*q**2 - 2*q - 1. What is g(-7)?
13
Let q(o) = -o**3 + 12*o**2 + 5*o - 5. Calculate q(4).
143
Let p(l) = -l + 7. What is p(-4)?
11
Let n(s) = s + 1. What is n(-6)?
-5
Let l(a) = a**2 + 12*a + 26. What is l(-8)?
-6
Let k(x) = -x**3 - 10*x**2 + 3*x + 32. What is k(-10)?
2
Let w(n) = n**2 - 49*n + 220. Calculate w(43).
-38
Let u(h) = 2*h**2 - 40*h + 44. What is u(19)?
6
Let m(a) = a**2 - 13*a - 5. What is m(8)?
-45
Let n(p) = p**2 + 11*p + 18. What is n(-13)?
44
Let d(p) = p**3 + 9*p**2 + 2*p + 11. What is d(-9)?
-7
Let a(s) = s**3 + 4*s**2 - 13*s - 2. Calculate a(-6).
4
Let z(t) = 2*t**2 - 32*t + 120. What is z(10)?
0
Let j(z) = 8*z**3 - 4*z**2 - 4*z - 1. What is j(-1)?
-9
Let b(w) = w + 18. Calculate b(-8).
10
Let f(j) = -j**2 - 15*j - 27. Determine f(-10).
23
Let y(c) = -44*c**3 + c**2. Determine y(1).
-43
Let z(q) = -2*q**3 - 15*q**2 - 11*q - 7. Give z(-7).
21
Let r(k) = -11*k + 6. What is r(-1)?
17
Let m(t) = -2*t**2 + 7*t + 48. Calculate m(7).
-1
Let n(g) = -g**2 + 4*g - 2. Give n(2).
2
Let k(h) = -h + 13. Determine k(8).
5
Let g(t) = 2*t**2 + 4*t + 3. Calculate g(-3).
9
Let a(d) = 3*d**2 + 7*d + 7. Give a(-1).
3
Let w(t) = -t**3 + 9*t**2 - 6*t - 1. Calculate w(8).
15
Let y(a) = a**2 + 15*a - 44. What is y(-18)?
10
Let y(j) = -j**3 + 4*j**2 + 13*j - 29. Calculate y(5).
11
Let k(z) = 9*z**2 + 206*z - 8. Calculate k(-23).
15
Let o(i) = -19*i**2 - 4*i - 2. Calculate o(-2).
-70
Let w(y) = -87*y - 1304. What is w(-15)?
1
Let y(t) = -t**3 + 6*t**2 + 10*t - 8. Calculate y(7).
13
Let a(c) = c**2 - 3*c. Give a(6).
18
Let y(b) = b**2 - 15*b - 45. Determine y(17).
-11
Let b(k) = 2*k**3 + k**2 + 3. Determine b(-2).
-9
Let u(w) = -w**2 - 21*w - 115. What is u(-7)?
-17
Let j(h) = h**3 - 3*h**2 + 3. Calculate j(1).
1
Let f(l) = -4*l**2 + 45*l - 6. Calculate f(11).
5
Let z(h) = 2*h + 4. Determine z(-3).
-2
Let w(m) = -2*m**2 + 17*m + 24. Calculate w(10).
-6
Let k(v) = 8*v**2 + 4*v. What is k(-1)?
4
Let y(f) = 32*f - 218. Determine y(7).
6
Let f(o) = -5*o**2 - 3*o - 2. What is f(-2)?
-16
Let k(l) = 8*l**2 + 5*l - 5. What is k(-3)?
52
Let c(o) = 4*o + 11. What is c(-2)?
3
Let s(u) = 31*u - 6. What is s(2)?
56
Let q(x) = -10*x**3 + 5*x**2 - 7*x + 2. Calculate q(1).
-10
Let b(p) = -p**2 + 6*p + 118. Give b(14).
6
Let v(p) = -p**3 + 12*p**2 - 11*p - 4. Give v(11).
-4
Let l(f) = -f**2 + 25*f + 267. Calculate l(-8).
3
Let f(p) = p**3 + 32*p**2 + 59*p - 40. Determine f(-30).
-10
Let r(w) = -w**3 - 26*w**2 - 2*w - 63. What is r(-26)?
-11
Let c(d) = -12*d**3 - d**2 + 2*d + 3. Give c(-1).
12
Let q(h) = -3*h**2 - 25*h + 46. What is q(-10)?
-4
Let p(w) = -2*w**3 + w**2 + 4*w + 4. Give p(0).
4
Let x(p) = -14*p - 161. Give x(-15).
49
Let q(v) = v**3 + 8*v**2 + 9*v + 19. Calculate q(-7).
5
Let p(b) = 2*b**2 + 9*b + 6. Determine p(-3).
-3
Let c(t) = t + 4. Give c(-3).
1
Let r(n) = 35*n + 28. Determine r(-4).
-112
Let g(s) = -67*s**2 + 2*s - 1. Determine g(1).
-66
Let d(q) = 11*q. Calculate d(3).
33
Let w(d) = d**2 - 8*d + 5. Give w(6).
-7
Let i(k) = 2*k**3 + k**2 - 2*k - 2. Calculate i(0).
-2
Let u(b) = -b**2 + 15*b - 1. Give u(15).
-1
Let p(g) = g. Determine p(1).
1
Let y(c) = c**3 + 5*c**2 - 17*c - 14. Determine y(-7).
7
Let w(g) = -g**3 - 3*g**2 + 2*g - 6. Determine w(-5).
34
Let w(f) 